{"id":10,"date":"2016-03-27T20:49:20","date_gmt":"2016-03-27T20:49:20","guid":{"rendered":"http:\/\/blekitnalaguna.de\/?page_id=10"},"modified":"2022-11-09T19:17:07","modified_gmt":"2022-11-09T19:17:07","slug":"der-ort-pobierowo","status":"publish","type":"page","link":"http:\/\/blekitnalaguna.de\/?page_id=10","title":{"rendered":"Der Ort &#8222;Pobierowo&#8220;"},"content":{"rendered":"<p>Der kleine Ort Pobierowo ist ein Badeort an der polnischen Ostseek\u00fcste. Der Ort geh\u00f6rt zur Gemeinde Rewal und liegt etwa 100 Kilometer n\u00f6rdlich von Stettin. Der gesamte Ort ist durchzogen von herrlichen Waldlandschaften. Hier k\u00f6nnen Sie noch richtig durchatmen und den ganzen Alltagsstress hinter sich lassen.<\/p>\n<p><img decoding=\"async\" loading=\"lazy\" class=\"wp-image-31 alignright\" src=\"http:\/\/blekitnalaguna.de\/wp-content\/uploads\/2016\/03\/pathway-1149113_1920-300x169.jpg\" alt=\"pathway-1149113_1920\" width=\"236\" height=\"133\" srcset=\"http:\/\/blekitnalaguna.de\/wp-content\/uploads\/2016\/03\/pathway-1149113_1920-300x169.jpg 300w, http:\/\/blekitnalaguna.de\/wp-content\/uploads\/2016\/03\/pathway-1149113_1920-768x432.jpg 768w, http:\/\/blekitnalaguna.de\/wp-content\/uploads\/2016\/03\/pathway-1149113_1920-1024x576.jpg 1024w, http:\/\/blekitnalaguna.de\/wp-content\/uploads\/2016\/03\/pathway-1149113_1920.jpg 1920w\" sizes=\"(max-width: 236px) 100vw, 236px\" \/>Bei uns k\u00f6nnen Sie auch direkt Fahrr\u00e4der oder Motoroller mieten und so die n\u00e4here Umgebung erkunden. Planen Sie doch zum Beispiel einen Ausflug in das benachbarte Rewal, dort finden Sie viele verschiedene Sehensw\u00fcrdigkeien wie das Amphitheater Rewal, den\u00a0Leuchtturm an der Steilk\u00fcste bei Niechorze oder auch verschiedene Museen.<\/p>\n<p>Pobierowo selbst bietet neben der traumhaft sch\u00f6nen Ostsee mit dem feinsandigen Strand auch noch viele weitere Highlights wie zum Beispiel einen gro\u00dfen Kletterpark, ein Sport- und Gemeindezentrum oder aber auch eine sch\u00f6ne Strandpromenade mit vielen Gesch\u00e4ften die zum entspannten schlendern durch die Stra\u00dfen einladen. <img decoding=\"async\" loading=\"lazy\" class=\"size-medium wp-image-98 alignleft\" src=\"http:\/\/blekitnalaguna.de\/wp-content\/uploads\/2016\/03\/IMG_4004-1-300x200.jpg\" alt=\"IMG_4004\" width=\"300\" height=\"200\" srcset=\"http:\/\/blekitnalaguna.de\/wp-content\/uploads\/2016\/03\/IMG_4004-1-300x200.jpg 300w, http:\/\/blekitnalaguna.de\/wp-content\/uploads\/2016\/03\/IMG_4004-1-768x512.jpg 768w, http:\/\/blekitnalaguna.de\/wp-content\/uploads\/2016\/03\/IMG_4004-1-1024x683.jpg 1024w\" sizes=\"(max-width: 300px) 100vw, 300px\" \/>Auch in Sachen Essen &amp; Trinken bietet Pobierowo eine angenehme Vielfalt. Neben regionalen Produkten bieten die H\u00e4ndler nat\u00fcrlich auch viele internationale Spezialit\u00e4ten an.<\/p>\n","protected":false},"excerpt":{"rendered":"<p>Der kleine Ort Pobierowo ist ein Badeort an der polnischen Ostseek\u00fcste. Der Ort geh\u00f6rt zur Gemeinde Rewal und liegt etwa 100 Kilometer n\u00f6rdlich von Stettin. Der gesamte Ort ist durchzogen von herrlichen Waldlandschaften. Hier k\u00f6nnen Sie noch richtig durchatmen und den ganzen Alltagsstress hinter sich lassen. Bei uns k\u00f6nnen Sie auch direkt Fahrr\u00e4der oder Motoroller<\/p>\n","protected":false},"author":1,"featured_media":0,"parent":0,"menu_order":0,"comment_status":"closed","ping_status":"closed","template":"fullwidth.php","meta":[],"_links":{"self":[{"href":"http:\/\/blekitnalaguna.de\/index.php?rest_route=\/wp\/v2\/pages\/10"}],"collection":[{"href":"http:\/\/blekitnalaguna.de\/index.php?rest_route=\/wp\/v2\/pages"}],"about":[{"href":"http:\/\/blekitnalaguna.de\/index.php?rest_route=\/wp\/v2\/types\/page"}],"author":[{"embeddable":true,"href":"http:\/\/blekitnalaguna.de\/index.php?rest_route=\/wp\/v2\/users\/1"}],"replies":[{"embeddable":true,"href":"http:\/\/blekitnalaguna.de\/index.php?rest_route=%2Fwp%2Fv2%2Fcomments&post=10"}],"version-history":[{"count":11,"href":"http:\/\/blekitnalaguna.de\/index.php?rest_route=\/wp\/v2\/pages\/10\/revisions"}],"predecessor-version":[{"id":37,"href":"http:\/\/blekitnalaguna.de\/index.php?rest_route=\/wp\/v2\/pages\/10\/revisions\/37"}],"wp:attachment":[{"href":"http:\/\/blekitnalaguna.de\/index.php?rest_route=%2Fwp%2Fv2%2Fmedia&parent=10"}],"curies":[{"name":"wp","href":"https:\/\/api.w.org\/{rel}","templated":true}]}}